 1 - 4*f + 3*f**s - 3*f**3 + 2*f + 2*f**2. Let l be -3 - -1*(5 - 1). Determine g(l).
-2
Let j(w) = 2*w**2 - 4*w + 3. Suppose -4*g = -2 + 14, 4*t - 3*g = 21. What is j(t)?
9
Let s(q) = q**3 + 6*q**2 - 7*q - 3. Let a be s(-7). Let z(p) = 6*p - 2. Calculate z(a).
-20
Let a(n) be the second derivative of -2*n**4/3 - n**3/6 - n. Calculate a(-1).
-7
Let t(y) = -y**3 + y**2 + y. Let b be t(0). Let j = b + 2. Let f(v) = -2*v + 2. Let i(r) = -r + 1. Let s(p) = 2*f(p) - 5*i(p). Determine s(j).
1
Let y(r) = r**2 + 2*r + 7. Let n(j) = j**2 + 3*j + 8. Let w(q) = 6*n(q) - 7*y(q). Let z(u) be the first derivative of w(u). What is z(3)?
-2
Let l(r) = -r. Let b(p) = 6*p + 6. Let u be 1/5 + (-27)/(-15). Suppose -3*z = -4*k + 8, u*z = -5*k + k - 32. Let y(t) = z*l(t) - b(t). Determine y(4).
2
Let y(g) = -3*g**2 - 8*g. Let d(x) = 4*x**2 + 9*x. Let k(r) = -4*d(r) - 5*y(r). Suppose -15 = -5*j + f, 3*j = f - 5*f + 9. Give k(j).
3
Let l(g) = -g - 2. Let p(a) = -a**3 + 16*a**2 - a + 18. Let u be p(16). Suppose -2*z - 6*j = -j + u, 3*j = z + 1. Calculate l(z).
-1
Let o be (7/(-3) + 1)*-3. Let n(t) be the first derivative of t**3/3 - 3*t**2/2 - 4*t + 13. Calculate n(o).
0
Let m(t) = -2*t**2 - t + 2. Let v be m(-2). Let f(x) = x**3 + 3*x**2 - x + 4. Determine f(v).
-8
Let d(g) = g**3 + 6*g**2 - 5*g + 9. Let q = 7 - 1. Let j be 7*(-2)/q*3. Determine d(j).
-5
Let l be 6/9*(-6)/(-2). Let n(g) = g**2 + 4*g + 4. Let y be n(-3). Let k(j) = 0 - 5*j - l - y - j**2. Calculate k(-4).
1
Suppose r = 4*b - 0 - 6, -5*r = -5*b. Let u(o) = 6 - 2*o**3 - b*o**2 + o**3 + 7*o + 0*o**2. Give u(-4).
10
Let q(i) be the third derivative of i**4/24 - 5*i**3/6 + 9*i**2. What is q(3)?
-2
Let f = 9 - 5. Let k(r) = -5*r**2 + 2*r + 7*r**2 + r**3 - 2 + f*r**2 - r**2. Give k(-2).
6
Let o(c) = 30*c - 46. Let n(l) = -6*l + 9. Let x(b) = -11*n(b) - 2*o(b). Let p(y) = -y + 1. Let m(t) = 5*p(t) + x(t). Give m(0).
-2
Let n(h) = -11*h**3 + 5*h**2 + 2*h - 9. Let t(w) = -5*w**3 + 3*w**2 + w - 4. Let v(g) = -4*n(g) + 9*t(g). Determine v(7).
7
Let a(o) = o**3 - 5*o**2 + 3*o - 3. Let w(x) = x**2 + 5*x - 7. Let z be w(-7). Suppose -2*c + z = 3*k - 8, 4*k + 2*c = 20. Calculate a(k).
12
Let z(p) be the second derivative of -p**5/20 - p**4/3 - 5*p**3/6 - 3*p**2/2 - 13*p - 1. Determine z(-3).
3
Let o(k) = 1. Suppose 3*s + 2*s = 5. Let i(n) = -n**3 - 2*n - 3. Let m(t) = s*i(t) + 5*o(t). Determine m(2).
-10
Let y(h) = 3*h**3 - 18 + 9 + 10. Determine y(-1).
-2
Let c(b) = -b - 6. Suppose 5*x - 4*l + 0 = -23, 0 = -4*l - 12. Give c(x).
1
Let t(s) be the second derivative of s**5/20 - 5*s**4/12 - 4*s**3/3 - 2*s**2 + 6*s. Give t(6).
-16
Let v(m) = -m**2 - m - 1. Let b(g) = 5*g**2 + 6*g. Let z(l) = b(l) + 4*v(l). What is z(-3)?
-1
Suppose -4*y + 10 = -22. Suppose z - 1 = -z + 3*m, 2*m - y = -3*z. Suppose 2*f = -4*a, -5*a + 4*f = z*f. Let j(v) = -v**3 - v - 2. What is j(a)?
-2
Let l(i) be the first derivative of -i**4/4 + 5*i**3/3 + 3*i + 54. Determine l(5).
3
Let i(w) = -w - 7. Let a be 22/(-6) - (-2)/3. Let l(s) = 17. Let o(r) = 5. Let f(h) = 2*l(h) - 7*o(h). Let y(n) = a*f(n) + i(n). What is y(-5)?
1
Let t(r) be the third derivative of -r**4/24 - r**3/3 - 8*r**2. Give t(-5).
3
Let t be 72/30 - 2/5. Let k be t/(-6) + (-46)/6. Let i = k - -8. Let m(c) = -c - 7. Calculate m(i).
-7
Let f(d) = d**3 + 9*d**2 + 15*d + 6. Let i be f(-7). Let t(a) = 3*a**3 + 2*a**2 - 1. Determine t(i).
-2
Let d(g) = -g**2 + 7*g - 4. Suppose -5*t + 2*b - 5*b = -40, 0 = -4*t + b + 15. Determine d(t).
6
Let p(c) = -c**2 + 2*c - 10. Let j(k) = -k**3 + k - 1. Let u(g) = -j(g) + p(g). Determine u(0).
-9
Let m(q) = q**2 - 3*q - 6*q + 4*q + 3. Calculate m(5).
3
Let s(z) = -3*z**2 - z. Let t = 129 - 130. Determine s(t).
-2
Let a(p) = 5*p**3 + p**2 - 9*p + 1. Let s(i) = -9*i**3 - 3*i**2 + 18*i - 1. Suppose -11*z + 4 = -12*z. Let d(g) = z*s(g) - 7*a(g). Determine d(-6).
15
Suppose 3*i - 2 = 7. Let l(x) = 3*x**3 - 3*x - 2 + 5*x + 18*x**2 - 15*x**2 - 5*x - 4*x**3. Determine l(i).
-11
Let i(t) = -8 + 2*t**3 - 19*t**2 - t**3 + 7*t**2 + 6*t**2. What is i(6)?
-8
Suppose -5*h + 13 = 3. Let x(f) = -2*f + 1. Determine x(h).
-3
Let w(g) = 6*g**3 + g. Let x be w(1). Suppose -15 = 4*d - x, -5*u = 2*d + 24. Let p(q) = -3*q - 2. Let l(t) = 1. Let b(h) = -2*l(h) + p(h). Calculate b(u).
8
Let m(q) = q**3 - q**2 - 4*q - 3. Let z = 7 - 6. Let f be (-4)/(-8)*z*-4. What is m(f)?
-7
Let w(q) = 8*q**2 - q. Let l(f) = f**3 - 8*f**2 - 9*f + 1. Let m be 25/3 + 8/12. Let t be l(m). Give w(t).
7
Suppose k = 1 - 6. Let l(i) be the third derivative of 1/60*i**5 + 7/6*i**3 - 2*i**2 + 7/24*i**4 + 0*i + 0. Give l(k).
-3
Suppose 0 = -0*d - d - 6. Let j(a) = -a + 2. Let y(z) = 2*z - 1. Let h(w) = -3*j(w) - 2*y(w). Give h(d).
2
Let i = -6 - -9. Let b(t) = t**2 - 4*t + 4. Let d be b(i). Let u be (d + -2)*1*1. Let c(w) = -8*w**3 + w. Calculate c(u).
7
Let l(b) be the first derivative of -b**4 + b**2/2 - b - 59. Suppose -2*y + 2 = 3*y + 3*o, 0 = y + 4*o + 3. Suppose 3*t = 4*n + 7, 4 - y = 2*t - n. Give l(t).
-4
Let t(k) = k**3 + 393*k**2 + 3*k**3 - 390*k**2 - 5*k**3 + 4. Determine t(3).
4
Let r(n) = 813*n - 813*n - 12*n**2. Let b = 3 + -4. Give r(b).
-12
Let f(n) = -6*n**3 + 2*n**2 - n. Suppose -6 = -5*r - 1. Determine f(r).
-5
Let h = -8 - -4. Let k = h + 3. Let q(r) = -3*r**2 + r + 1. What is q(k)?
-3
Let y(v) = -3 - 3 - 1 + 37*v - 38*v. Determine y(-5).
-2
Let c(w) = w. Let q(u) = 4*u + 1. Let i(g) = -7*c(g) + 2*q(g). Determine i(0).
2
Let m(s) be the third derivative of s**4/24 + s**2. Let t(j) = 2*j**3 + j + 5. Let w be t(0). What is m(w)?
5
Let f(z) = -z**3 - z**2 + 20*z - 5. Let u be f(-5). Let r(a) = -a**2 - 5*a - 7. Calculate r(u).
-7
Suppose 2*l = d - 12, -5*l - 8 = d + 1. Let z(q) = 5*q + 15. Let n(t) = -4*t - 14. Let f(h) = 6*n(h) + 5*z(h). Determine f(d).
-3
Let r(s) = s**2 + 7. Let l be 0 + (0 - (1 + -1)). Let z be 9/18*(l + 0). Determine r(z).
7
Let v(y) be the third derivative of -y**5/60 + y**4/24 + y**3/6 - y**2. Let m be v(0). Let n(p) = p**3 - p**2 - 1 - p**2 + 2. Give n(m).
0
Let q(x) = x**2 - 1. Let g(y) = -4*y + 1. Let o be g(-1). Suppose 0 = -o*k + 18 - 3. Let v = 2 - k. Give q(v).
0
Let u(i) be the first derivative of -3*i**2 + i + 1. Let v = 91 + -89. Determine u(v).
-11
Let w(y) = -2*y**3 + 3*y**2 - 5. Let r(z) = z**3 - z**2 + 2. Let i(j) = 5*r(j) + 2*w(j). Determine i(2).
12
Let w(g) be the second derivative of -g**3/6 - 3*g**2/2 + 4*g. Let u be w(-4). Let p(q) = -3 - 2*q**2 + q**3 - 4*q + 8*q**2 - u - 3*q**2. Determine p(-3).
8
Let y(n) = 2*n - 9. Let s be -2 + -7 - (-3 - -2). Let v be s/6*9/(-2). Calculate y(v).
3
Let n(l) = l**3 + 4*l**2 - 1. Let y = -56 - -51. What is n(y)?
-26
Let c(o) = 4*o**2 - 9*o - 7. Let d(k) = k**2 - k - 1. Let x(f) = c(f) - 6*d(f). Let z = 13 - 4. Let t be 12/9*z/(-6). Give x(t).
-3
Let f be 8/(-12) - (-1)/(-3). Let w(m) be the third derivative of -m**6/20 + m**5/60 + m**4/24 + m**3/6 - m**2. Calculate w(f).
7
Let f(z) = z**3 - 4*z**2 + 4*z. Suppose 2*u - 4*m = 6*u + 4, -2*u - 3*m - 6 = 0. Calculate f(u).
3
Let m(q) = q**2 - q + 6. Let a(l) = l**2 - 2*l + 1. Let z be a(1). Give m(z).
6
Let x(o) = 16*o + 6. Let r(i) = 3*i + 1. Let c(k) = -22*r(k) + 4*x(k). Let q(f) = f + 2. Let s be q(-4). What is c(s)?
6
Let t be (-32)/3 - (-4)/(-12). Let n = t - -17. Suppose -n*w + 12 = -3*w. Let q(j) = j - 3. Determine q(w).
1
Let a(o) = 2*o - 1. Let g be a(8). Suppose 6*n = n + g. Let t be -1 - (n - 6) - 6. Let k(f) = f**3 + 3*f**2 - 7*f - 5. Calculate k(t).
7
Let m(i) = 5*i**2 - i + 6. Suppose 0 = 3*r - 2*u + 16, 0 = 4*r - 2*u + 5*u + 10. Let v(h) = 11*h**2 - h + 13. Let o(q) = r*v(q) + 9*m(q). What is o(3)?
-4
Suppose 4*j + 0 = 16. Let k(r) be the third derivative of -r**5/60 + r**4/12 + r**3/3 + 89*r**2. What is k(j)?
-6
Let p(t) = -t**2 - 2*t - 2. Suppose 1 = 5*c - 9. Let u be -5 + c + 1 - -8. Suppose -i = i + u, d - i = 1. Give p(d).
-2
Let h(c) = -3*c**2 + c - 1. Suppose -3*v + 2 = -4. Suppose r = v*r - 1. What is h(r)?
-3
Let v(o) = -o**2 - 6*o + 1. Let x be v(-6). Let i(h) = 1 + 3 + 2*h - x. Suppose u = 2*u + 4. Determine i(u).
-5
Let h(c) = c**2 - 3*c - 4. Let w(q) = -7*q**2 + 3*q - 2. Let p be w(1). Let x(u) = -2*u**2 - 13*u - 2. Let n be x(p). What is h(n)?
0
Let m(p) be the third derivative of p**5/10 - p**4/24 + p**3/6 + p**2. Let v = 1 - 